culate the remainder when 1061528 is divided by 132689.
16
Calculate the remainder when 937060 is divided by 7871.
411
What is the remainder when 457315 is divided by 4356?
4291
What is the remainder when 186442 is divided by 10983?
10714
Calculate the remainder when 32776 is divided by 707.
254
Calculate the remainder when 3223822 is divided by 209.
206
Calculate the remainder when 1299618 is divided by 4332.
18
Calculate the remainder when 2770090 is divided by 721.
8
Calculate the remainder when 85291 is divided by 85086.
205
Calculate the remainder when 55655 is divided by 1414.
509
Calculate the remainder when 912765 is divided by 304232.
69
What is the remainder when 114445 is divided by 2600?
45
What is the remainder when 496736580 is divided by 642?
636
Calculate the remainder when 93063973 is divided by 25.
23
Calculate the remainder when 975017 is divided by 8945.
12
Calculate the remainder when 44825509 is divided by 2708.
2693
Calculate the remainder when 97132562 is divided by 4045.
4022
Calculate the remainder when 265427 is divided by 606.
605
What is the remainder when 131617 is divided by 2481?
124
What is the remainder when 42639775 is divided by 1616?
1615
What is the remainder when 21761480 is divided by 211?
206
Calculate the remainder when 3346942141 is divided by 26.
23
Calculate the remainder when 12604299 is divided by 163.
161
What is the remainder when 600192 is divided by 109?
38
What is the remainder when 92691168 is divided by 1223?
1221
Calculate the remainder when 232106 is divided by 232079.
27
What is the remainder when 307231 is divided by 2719?
2703
What is the remainder when 288523 is divided by 6886?
6197
What is the remainder when 300290 is divided by 14?
4
What is the remainder when 4934 is divided by 915?
359
Calculate the remainder when 5734129 is divided by 238920.
49
What is the remainder when 2682866 is divided by 3?
2
What is the remainder when 244221 is divided by 119298?
5625
Calculate the remainder when 1782703 is divided by 2641.
28
What is the remainder when 446723 is divided by 40611?
2
What is the remainder when 67734 is divided by 4837?
16
What is the remainder when 21266981 is divided by 209?
186
Calculate the remainder when 414405 is divided by 871.
680
Calculate the remainder when 19181 is divided by 1740.
41
What is the remainder when 58056 is divided by 14484?
120
Calculate the remainder when 385019 is divided by 5500.
19
Calculate the remainder when 7200203 is divided by 441.
437
What is the remainder when 75039 is divided by 2546?
1205
Calculate the remainder when 108117 is divided by 26818.
845
Calculate the remainder when 55292391 is divided by 229429.
2
What is the remainder when 10123 is divided by 18?
7
What is the remainder when 6969267 is divided by 760?
67
Calculate the remainder when 486382 is divided by 315.
22
What is the remainder when 14094349 is divided by 96?
13
What is the remainder when 163701605 is divided by 57?
56
What is the remainder when 143267 is divided by 324?
59
What is the remainder when 16048171 is divided by 617237?
9
What is the remainder when 1128397 is divided by 23507?
61
What is the remainder when 1729941 is divided by 3333?
114
What is the remainder when 896 is divided by 343?
210
What is the remainder when 2588118 is divided by 47925?
168
Calculate the remainder when 81471692 is divided by 1884.
1880
What is the remainder when 93366 is divided by 48?
6
Calculate the remainder when 1976301 is divided by 494063.
49
What is the remainder when 60395 is divided by 1199?
445
Calculate the remainder when 2261 is divided by 2083.
178
Calculate the remainder when 443212 is divided by 16415.
7
Calculate the remainder when 221063 is divided by 949.
895
What is the remainder when 38071 is divided by 8?
7
What is the remainder when 2993026 is divided by 898?
890
Calculate the remainder when 4054459 is divided by 326.
323
Calculate the remainder when 70268 is divided by 1228.
272
What is the remainder when 233670 is divided by 3785?
2785
What is the remainder when 516445 is divided by 75?
70
Calculate the remainder when 6921062 is divided by 24456.
14
What is the remainder when 127338 is divided by 5569?
4820
Calculate the remainder when 772058 is divided by 4000.
58
Calculate the remainder when 29559592 is divided by 57286.
16
Calculate the remainder when 21264 is divided by 357.
201
What is the remainder when 11377 is divided by 5664?
49
Calculate the remainder when 133107 is divided by 48.
3
Calculate the remainder when 130216 is divided by 1240.
16
Calculate the remainder when 4350019 is divided by 397.
90
Calculate the remainder when 4486 is divided by 3725.
761
What is the remainder when 899525 is divided by 161?
18
What is the remainder when 3232321 is divided by 1077420?
61
Calculate the remainder when 1323599 is divided by 2239.
350
Calculate the remainder when 116277969 is divided by 6839880.
9
Calculate the remainder when 3842167 is divided by 31.
27
What is the remainder when 62419836 is divided by 61?
0
What is the remainder when 79768675 is divided by 1564?
1547
What is the remainder when 3676565 is divided by 4255?
245
What is the remainder when 2514288 is divided by 1257059?
170
Calculate the remainder when 46611 is divided by 11532.
483
Calculate the remainder when 5643247 is divided by 45880.
7
What is the remainder when 1534833 is divided by 46510?
3
Calculate the remainder when 35743 is divided by 17496.
751
Calculate the remainder when 157485565 is divided by 10227.
10219
What is the remainder when 57402177 is divided by 220?
217
Calculate the remainder when 713714 is divided by 1140.
74
Calculate the remainder when 2934855 is divided by 226.
19
Calculate the remainder when 470968 is divided by 94085.
543
Calculate the remainder when 254490 is divided by 1824.
954
What is the remainder when 4588635 is divided by 4588634?
1
What is the remainder when 783005 is divided by 88?
69
Calculate the remainder when 1318432 is divided by 219738.
4
What is the remainder when 23927 is divided by 3093?
2276
What is the remainder when 317482162 is divided by 11?
8
Calculate the remainder when 973062 is divided by 253.
24
What is the remainder when 6844469 is divided by 42?
23
Calculate the remainder when 6656 is divided by 799.
264
What is the remainder when 3753221 is divided by 418?
417
What is the remainder when 447084581 is divided by 6674?
6669
Calculate the remainder when 28675 is divided by 5574.
805
What is the remainder when 121732 is divided by 2363?
1219
Calculate the remainder when 446191870 is divided by 12.
10
Calculate the remainder when 281194 is divided by 27363.
7564
Calculate the remainder when 65487187 is divided by 1091453.
7
What is the remainder when 20253177 is divided by 615?
612
What is the remainder when 1231479 is divided by 61543?
619
Calculate the remainder when 4134580 is divided by 348.
340
What is the remainder when 340103 is divided by 716?
3
Calculate the remainder when 280070 is divided by 2568.
158
Calculate the remainder when 1349751808 is divided by 4247.
4244
Calculate the remainder when 415096 is divided by 257.
41
Calculate the remainder when 529705 is divided by 2958.
223
Calculate the remainder when 83677 is divided by 24407.
10456
What is the remainder when 288 is divided by 118?
52
What is the remainder when 48661 is divided by 1674?
115
Calculate the remainder when 33410811 is divided by 26184.
27
Calculate the remainder when 33600768 is divided by 87502.
0
What is the remainder when 4670563 is divided by 458?
337
Calculate the remainder when 2092062 is divided by 231.
126
What is the remainder when 3024198 is divided by 7855?
23
What is the remainder when 7907 is divided by 190?
117
What is the remainder when 150460 is divided by 106?
46
Calculate the remainder when 39985 is divided by 9907.
357
Calculate the remainder when 970450 is divided by 59.
18
Calculate the remainder when 52711755 is divided by 52711752.
3
What is the remainder when 99994 is divided by 16535?
784
Calculate the remainder when 5050962 is divided by 109.
11
What is the remainder when 1230679 is divided by 1070?
179
Calculate the remainder when 517958 is divided by 258945.
68
What is the remainder when 100626 is divided by 906?
60
C